262 a factor of 2015566?
True
Does 16 divide 164352?
True
Is 40655076 a multiple of 14?
True
Does 16 divide 65712?
True
Does 3 divide 101685?
True
Does 3 divide 545460?
True
Is 1048173 a multiple of 236?
False
Is 2 a factor of 36809?
False
Is 1281117 even?
False
Is 714048 a multiple of 2?
True
Is 64 a factor of 2569920?
True
Is 421998 a multiple of 122?
True
Is 674553 a multiple of 170?
False
Is 106705 a multiple of 5?
True
Does 12 divide 3862908?
True
Is 8550 a multiple of 90?
True
Is 111 a factor of 42735?
True
Is 11 a factor of 898271?
True
Is 167 a factor of 11654429?
True
Does 64 divide 161216?
True
Is 4901061 a multiple of 11?
True
Does 215 divide 920415?
True
Is 828894 a multiple of 6?
True
Is 26 a factor of 20566?
True
Is 290 a factor of 518230?
True
Does 28 divide 1014188?
True
Is 81098 a multiple of 127?
False
Does 138 divide 944748?
True
Is 138942 a multiple of 9?
True
Is 46075 a multiple of 135?
False
Does 2 divide 6004?
True
Does 36 divide 329904?
True
Is 3 a factor of 35058?
True
Does 22 divide 127754?
True
Is 18617 a multiple of 41?
False
Is 1162 a factor of 5552552?
False
Is 21 a factor of 1713600?
True
Is 46 a factor of 40955?
False
Is 2 a factor of 79167?
False
Is 841653 a multiple of 51?
True
Is 528641 a multiple of 11?
False
Is 99 a factor of 3795780?
False
Is 619444 a multiple of 28?
True
Is 7 a factor of 76860?
True
Is 399 a factor of 100947?
True
Is 145 a factor of 1404360?
False
Is 564015 a multiple of 19?
True
Is 2106919 a multiple of 2?
False
Is 441276 a multiple of 174?
False
Is 13 a factor of 1481207?
True
Is 24 a factor of 58693?
False
Is 1539 a factor of 7765794?
True
Is 238767 a multiple of 54?
False
Is 15 a factor of 115500?
True
Is 6 a factor of 716189?
False
Does 15 divide 35088480?
True
Does 474 divide 97644?
True
Is 955292 a multiple of 26?
True
Is 71 a factor of 100465?
True
Does 30 divide 3089187?
False
Is 315605 a multiple of 395?
True
Does 61 divide 639533?
False
Is 277 a factor of 73959?
True
Is 537 a factor of 3120507?
True
Is 21505 a multiple of 18?
False
Does 453 divide 577575?
True
Is 21 a factor of 105034?
False
Is 26 a factor of 6451926?
True
Does 96 divide 968160?
True
Is 69 a factor of 2489375?
False
Is 58 a factor of 1323058?
False
Is 3 a factor of 272007?
True
Is 146 a factor of 35975?
False
Does 154 divide 755948?
False
Is 2 a factor of 63912?
True
Does 142 divide 112155?
False
Does 471 divide 1644261?
True
Does 111 divide 69153?
True
Is 55 a factor of 4468203?
False
Is 186368 a multiple of 26?
True
Does 77 divide 2425292?
False
Does 48 divide 493344?
True
Is 35506 a multiple of 6?
False
Does 10 divide 5091350?
True
Does 45 divide 297000?
True
Is 154886 a multiple of 11?
False
Is 93 a factor of 2649100?
False
Is 6377472 a multiple of 11?
False
Does 11 divide 599614?
False
Is 13 a factor of 21944?
True
Does 1112 divide 2698517?
False
Is 11 a factor of 10174494?
True
Is 2048673 a multiple of 742?
False
Does 41 divide 216275?
True
Does 101 divide 7748316?
True
Does 150 divide 1975200?
True
Is 1359736 a multiple of 109?
False
Is 161368 a multiple of 149?
False
Does 47 divide 39668?
True
Does 2 divide 4004935?
False
Is 39463 a multiple of 83?
False
Is 29875199 a multiple of 44?
False
Does 47 divide 12017156?
False
Is 65 a factor of 47060?
True
Does 752 divide 2776180?
False
Is 22 a factor of 38680?
False
Is 34117 a multiple of 28?
False
Is 18 a factor of 1499022?
True
Is 11010476 a multiple of 5?
False
Does 7 divide 13469602?
False
Is 46 a factor of 2036558?
True
Is 2 a factor of 463264?
True
Is 26901 a multiple of 20?
False
Is 63 a factor of 575820?
True
Is 8829099 a multiple of 1791?
False
Is 13374 a multiple of 6?
True
Is 124926 a multiple of 6?
True
Is 354348 a multiple of 204?
True
Is 15 a factor of 3886788?
False
Does 133 divide 7415814?
True
Does 12 divide 254520?
True
Is 50 a factor of 5774500?
True
Is 4274832 a multiple of 87?
True
Is 431 a factor of 2674829?
False
Does 173 divide 474608?
False
Is 40885 a multiple of 185?
True
Does 39 divide 2501819?
False
Is 246773 a multiple of 460?
False
Is 23 a factor of 135128?
False
Is 43 a factor of 4475367?
False
Is 806716 a multiple of 34?
False
Does 111 divide 3302805?
True
Does 43 divide 159057?
True
Is 22217984 a multiple of 16?
True
Does 53 divide 73405?
True
Is 25 a factor of 2976175?
True
Is 26 a factor of 613490?
False
Is 17371130 a multiple of 133?
True
Is 1601147 a multiple of 17?
False
Does 360 divide 227520?
True
Does 165 divide 10550430?
True
Is 86850 a multiple of 450?
True
Is 3386619 a multiple of 10?
False
Does 3 divide 1475243?
False
Is 6955863 a multiple of 32?
False
Is 6 a factor of 59093?
False
Does 120 divide 307374?
False
Does 4 divide 527301?
False
Is 86 a factor of 33196?
True
Is 50 a factor of 797756?
False
Does 1020 divide 480232?
False
Is 18 a factor of 10214636?
False
Does 17 divide 304584?
False
Is 53 a factor of 1123550?
False
Is 186980 a multiple of 48?
False
Is 2 a factor of 325732?
True
Is 23984 a multiple of 16?
True
Is 14 a factor of 52654?
True
Is 115 a factor of 44776?
False
Is 408 a factor of 1023264?
True
Is 8798121 a multiple of 1311?
True
Does 206 divide 234912?
False
Does 143 divide 105145?
False
Is 111903 a multiple of 11?
True
Is 55 a factor of 293089?
False
Is 323426 a multiple of 158?
True
Is 217630 a multiple of 3?
False
Does 10 divide 1133246?
False
Is 106 a factor of 10282?
True
Does 245 divide 2547510?
True
Does 19 divide 2841611?
False
Is 473 a factor of 1505015?
False
Is 3965771 a multiple of 621?
False
Is 34 a factor of 185418?
False
Does 364 divide 2413684?
True
Does 5 divide 830222?
False
Is 615 a factor of 1126705?
False
Is 7 a factor of 605573?
False
Is 8 a factor of 9048?
True
Is 22 a factor of 741180?
True
Is 58 a factor of 182758?
True
Does 66 divide 171545?
False
Does 216 divide 444189?
False
Does 6 divide 88440?
True
Does 85 divide 4561780?
True
Is 57 a factor of 185421?
True
Does 230 divide 423442?
False
Is 6758742 a multiple of 55?
False
Is 17220 a multiple of 4?
True
Does 111 divide 3262512?
True
Is 7 a factor of 1570752?
False
Is 39744 a multiple of 12?
True
Is 384 a factor of 585600?
True
Is 35 a factor of 356510?
True
Is 159038 a multiple of 22?
True
Is 138 a factor of 127068?
False
Does 41 divide 184182?
False
Does 147 divide 13818?
True
Is 975779 a multiple of 134?
False
Is 96134 a multiple of 71?
True
Is 47880 a multiple of 35?
True
Is 95354 a multiple of 29?
False
Is 67127 a multiple of 19?
True
Is 33881 a multiple of 2?
False
Does 46 divide 13317072?
False
Does 106 divide 1377289?
False
Is 70 a factor of 2866430?
True
Is 482856 a multiple of 93?
True
Is 16 a factor of 37104?
True
Is 166 a factor of 117528?
True
Does 159 divide 46428?
True
Does 228 divide 265392?
True
Is 5882082 a multiple of 503?
True
Is 267648 a multiple of 128?
True
Is 12 a factor of 171026?
False
Is 29 a factor of 1212664?
True
Is 473 a factor of 16525674?
True
Is 7735176 a multiple of 173?
True
Is 10 a factor of 23500?
True
Is 19 a factor of 2128?
True
Is 293200 a multiple of 410?
False
Is 1802838 a multiple of 269?
True
Is 127021 a multiple of 210?
False
Is 5142720 a multiple of 55?
True
Does 571 divide 2435522?
False
Is 8 a factor of 366904?
True
Is 8 a factor of 3170210?
False
Is 44 a factor of 4891949?
False
Is 357819 a multiple of 11?
True
Is 1081387 a multiple of 44?
False
Is 392 a factor of 157270?
False
Is 606389 a multiple of 82?
False
Is 51 a factor of 3239740?
False
Is 41 a factor of 4524423?
False
Does 202 divide 447026?
True
Is 153456 a multiple of 107?
False
Is 3152564 a multiple of 63?
False
Is 10 a factor of 68320?
True
Is 1232800 a multiple of 134?
True
Is 6 a factor of 198711?
False
Does 644 divide 639666?
False
Is 5428 a multiple of 92?
True
Is 954 a factor of 1007326?
False
Does 16 divide 259904?
True
Is 43 a factor of 277049?
True
Is 3135109 a multiple of 153?
False
Is 161668 a multiple of 3?
False
Does 839 divide 21390855?
False
Is 655157 a multiple of 428?
False
Is 2 a factor of 327689?
False
Does 166 divide 78094?
False
Is 700212 a multiple of 516?
True
Is 409 a factor of 915342?
True
Is 145 a factor of 1156116?
False
Is 6 a factor of 3630060?
True
Does 4 divide 87916?
True
Is 14 a factor of 14284564?
True
Is 11208352 a multiple of 512?
False
Is 34 a factor of 10779403?
False
